{"id":18,"date":"2017-01-18T20:50:46","date_gmt":"2017-01-18T19:50:46","guid":{"rendered":"https:\/\/bendixsoejberg.dk\/?page_id=18"},"modified":"2017-01-18T21:46:28","modified_gmt":"2017-01-18T20:46:28","slug":"om","status":"publish","type":"page","link":"https:\/\/bendixsoejberg.dk\/?page_id=18","title":{"rendered":"Salen"},"content":{"rendered":"<p>Salen er nu efter 1 \u00e5rs renovering og en del afpr\u00f8vninger nu klar til udlejning.<\/p>\n<p>Salen er perfekt til mindre selskaber &#8211; op til 80 personer &#8211; da det er meget nemt at skabe en hyggelig atmosf\u00e6re og festlig stemning.<br \/>\nSalen kan d\u00e6kkes op med alm. eller runde borde. Bestik og porcel\u00e6n er tilstede og der kan d\u00e6kkes op til 80 personer.<br \/>\nK\u00f8kkenet er indrettet som et anretter k\u00f8kken, med k\u00f8l, 1 ovne, 6 gasblus og 1 industri-opvaskemaskine.<\/p>\n<p>Man skal selv medbringe duge, bordpynt, mad, drikke og g\u00e6ster&#8230;.<\/p>\n<p>Kontakt os for yderligere info&#8230; ogs\u00e5 bare for et kig..<\/p>\n<p>Tag ogs\u00e5 et kig i Galleriet&#8230;.<\/p>\n","protected":false},"excerpt":{"rendered":"<p>Salen er nu efter 1 \u00e5rs renovering og en del afpr\u00f8vninger nu klar til udlejning. Salen er perfekt til mindre selskaber &#8211; op til 80 personer &#8211; da det er meget nemt at skabe en hyggelig atmosf\u00e6re og festlig stemning. Salen kan d\u00e6kkes op med alm. eller runde borde. Bestik og porcel\u00e6n er tilstede og &hellip; <\/p>\n<p class=\"link-more\"><a href=\"https:\/\/bendixsoejberg.dk\/?page_id=18\" class=\"more-link\">L\u00e6s videre<span class=\"screen-reader-text\"> &#8220;Salen&#8221;<\/span><\/a><\/p>\n","protected":false},"author":2,"featured_media":51,"parent":0,"menu_order":0,"comment_status":"closed","ping_status":"closed","template":"","meta":{"footnotes":""},"class_list":["post-18","page","type-page","status-publish","has-post-thumbnail","hentry"],"_links":{"self":[{"href":"https:\/\/bendixsoejberg.dk\/index.php?rest_route=\/wp\/v2\/pages\/18","targetHints":{"allow":["GET"]}}],"collection":[{"href":"https:\/\/bendixsoejberg.dk\/index.php?rest_route=\/wp\/v2\/pages"}],"about":[{"href":"https:\/\/bendixsoejberg.dk\/index.php?rest_route=\/wp\/v2\/types\/page"}],"author":[{"embeddable":true,"href":"https:\/\/bendixsoejberg.dk\/index.php?rest_route=\/wp\/v2\/users\/2"}],"replies":[{"embeddable":true,"href":"https:\/\/bendixsoejberg.dk\/index.php?rest_route=%2Fwp%2Fv2%2Fcomments&post=18"}],"version-history":[{"count":4,"href":"https:\/\/bendixsoejberg.dk\/index.php?rest_route=\/wp\/v2\/pages\/18\/revisions"}],"predecessor-version":[{"id":53,"href":"https:\/\/bendixsoejberg.dk\/index.php?rest_route=\/wp\/v2\/pages\/18\/revisions\/53"}],"wp:featuredmedia":[{"embeddable":true,"href":"https:\/\/bendixsoejberg.dk\/index.php?rest_route=\/wp\/v2\/media\/51"}],"wp:attachment":[{"href":"https:\/\/bendixsoejberg.dk\/index.php?rest_route=%2Fwp%2Fv2%2Fmedia&parent=18"}],"curies":[{"name":"wp","href":"https:\/\/api.w.org\/{rel}","templated":true}]}}