{"id":54,"date":"2017-01-18T21:49:09","date_gmt":"2017-01-18T20:49:09","guid":{"rendered":"https:\/\/bendixsoejberg.dk\/?page_id=54"},"modified":"2026-03-19T10:29:00","modified_gmt":"2026-03-19T09:29:00","slug":"konsulenten","status":"publish","type":"page","link":"https:\/\/bendixsoejberg.dk\/?page_id=54","title":{"rendered":"Konsulenten"},"content":{"rendered":"<p>Pr. 1. oktober 2007 er jeg startet for mig selv og k\u00f8rer nu som selvst\u00e6ndig IT konsulent.<\/p>\n<p>Jeg har igennem de sidste 18 \u00e5r v\u00e6ret IT konsulent og har uddannelses omr\u00e5det som speciale. Det er prim\u00e6rt l\u00e6rer og p\u00e6dagog-seminarier jeg har som kunder og som jeg har l\u00f8st opgaver for igennem \u00e5rene. Andre uddannelses institioner og ungdomsskoler samt folkeskoler er ogs\u00e5 p\u00e5 reference listen.<\/p>\n<p>Mine arbejdsopgaver er at v\u00e6re en st\u00f8tte og hj\u00e6lp til IT afdelingen samt v\u00e6re konsulent ved etablering eller omkonfigurering\/udvidelse af bes\u00e5ende systemer, hvor jeg med min viden og erfaring kan v\u00e6re med til at pege i den rigtige retning.<\/p>\n<p>Speciale omr\u00e5der:<br \/>\n\u2605 Netv\u00e6rks infrastruktur &#8211; Specielt HP og Cisco aktivt udstyr<br \/>\n\u2605 Sikkerhed p\u00e5 b\u00e5de kablede og tr\u00e5dl\u00f8se netv\u00e6rk<br \/>\n\u2605 Server operativsystemer: Microsoft og Linux<br \/>\n\u2605 Flere Cisco Certificeringer &#8211; CCNA &#8211; CCNE Wireless<\/p>\n<p>Med venlig hilsen<br \/>\nSteffen Bendix S\u00f8jberg<br \/>\nsteffen@bendixsoejberg.dk<br \/>\nTelefon: +45 71 19 31 15<\/p>\n","protected":false},"excerpt":{"rendered":"<p>Pr. 1. oktober 2007 er jeg startet for mig selv og k\u00f8rer nu som selvst\u00e6ndig IT konsulent. Jeg har igennem de sidste 18 \u00e5r v\u00e6ret IT konsulent og har uddannelses omr\u00e5det som speciale. Det er prim\u00e6rt l\u00e6rer og p\u00e6dagog-seminarier jeg har som kunder og som jeg har l\u00f8st opgaver for igennem \u00e5rene. Andre uddannelses institioner &hellip; <\/p>\n<p class=\"link-more\"><a href=\"https:\/\/bendixsoejberg.dk\/?page_id=54\" class=\"more-link\">L\u00e6s videre<span class=\"screen-reader-text\"> &#8220;Konsulenten&#8221;<\/span><\/a><\/p>\n","protected":false},"author":2,"featured_media":0,"parent":0,"menu_order":0,"comment_status":"closed","ping_status":"closed","template":"","meta":{"footnotes":""},"class_list":["post-54","page","type-page","status-publish","hentry"],"_links":{"self":[{"href":"https:\/\/bendixsoejberg.dk\/index.php?rest_route=\/wp\/v2\/pages\/54","targetHints":{"allow":["GET"]}}],"collection":[{"href":"https:\/\/bendixsoejberg.dk\/index.php?rest_route=\/wp\/v2\/pages"}],"about":[{"href":"https:\/\/bendixsoejberg.dk\/index.php?rest_route=\/wp\/v2\/types\/page"}],"author":[{"embeddable":true,"href":"https:\/\/bendixsoejberg.dk\/index.php?rest_route=\/wp\/v2\/users\/2"}],"replies":[{"embeddable":true,"href":"https:\/\/bendixsoejberg.dk\/index.php?rest_route=%2Fwp%2Fv2%2Fcomments&post=54"}],"version-history":[{"count":3,"href":"https:\/\/bendixsoejberg.dk\/index.php?rest_route=\/wp\/v2\/pages\/54\/revisions"}],"predecessor-version":[{"id":98,"href":"https:\/\/bendixsoejberg.dk\/index.php?rest_route=\/wp\/v2\/pages\/54\/revisions\/98"}],"wp:attachment":[{"href":"https:\/\/bendixsoejberg.dk\/index.php?rest_route=%2Fwp%2Fv2%2Fmedia&parent=54"}],"curies":[{"name":"wp","href":"https:\/\/api.w.org\/{rel}","templated":true}]}}